ens digit of d?
1
Let p(o) = o**2 + 8*o - 3. Let a be p(-10). Suppose 4*t = a + 15. What is the units digit of t?
8
Let r be (9/15)/(1/(-5)). Let m(b) = 3*b**2 + 4*b + 3. What is the units digit of m(r)?
8
Let u(x) = x**3 + 19*x**2 + 12*x - 3. Let d(r) = r**3 + 18*r**2 + 12*r - 2. Let l(q) = 6*d(q) - 5*u(q). What is the units digit of l(-12)?
3
What is the tens digit of ((-4)/6)/1 + 716/12?
5
Let g(u) = u**2 - 2. Let y be g(-2). Suppose -4*b + 26 = v, -y*v - v + 4*b = -94. What is the units digit of v?
0
Suppose 9*f + 65 = 4*f. Let a = f + 14. What is the units digit of a?
1
Let i(m) = m**2 + 9*m - 7. Let f be i(-10). Suppose 2 = -2*c, 0*n - 137 = -f*n + 2*c. What is the tens digit of n?
4
Suppose -7 = 3*s + 5*u, -3*u + 0 = -3. Let c = 6 + s. What is the units digit of c?
2
Suppose 2*q - 402 = 4*j, 0*q - 3*j + 576 = 3*q. What is the tens digit of q?
9
Suppose 0 = 2*w + 4*i - 50 - 0, -2*i + 6 = 0. What is the tens digit of w?
1
Let u be ((-30)/8)/(1/(-4)). Suppose 4*k = -u + 63. What is the tens digit of k?
1
Let c(s) = -s - 1. What is the tens digit of c(-15)?
1
Let x(m) = 45*m**2 - 21*m**2 - 4*m - 28*m**2 - 2*m**3 - 2. What is the units digit of x(-2)?
6
Suppose 4*h - 3*g = 5 + 1, -4*h + 4 = -4*g. Suppose -h*i + 14 = -i. What is the units digit of i?
7
Suppose -5*d - 2*v = -22, 0 = -4*d - 3*v + 3 + 9. Let t = 5 - 6. Let s = t + d. What is the units digit of s?
5
Suppose -3*t + 42 = -12. What is the tens digit of t?
1
Let d(m) = -7*m**3. What is the units digit of d(-1)?
7
Suppose -5*v + 25 + 5 = 0. Suppose 0 = -f + 4, 4*j = -5*f + 20. Suppose j + v = 2*h. What is the units digit of h?
3
Let c(x) = x**2 - 9*x - 22. What is the tens digit of c(13)?
3
Suppose 0 = 3*b + 2*x - 5*x - 459, 0 = 4*x. What is the tens digit of b?
5
Suppose -u - o + 224 = 3*o, 1120 = 5*u + 3*o. What is the hundreds digit of u?
2
Let w be 1/((-1 - 2)/(-9)). Let z be 6/4*(-8)/w. Let a = -1 - z. What is the units digit of a?
3
Suppose 0 = d - 23 - 21. Suppose 4*z + 8 = d. What is the units digit of z?
9
Let q(d) = 4*d**2 - 6*d + 6. Let k be q(6). Let y = -73 + k. What is the units digit of y?
1
Let h = 63 + -9. What is the units digit of h?
4
Let s(k) = k**3 - 11*k**2 + 4*k - 1. What is the tens digit of s(11)?
4
Let c(m) = 3*m**3 - 13*m**2 + 3*m + 3. Let i(g) = -2*g**3 + 9*g**2 - 2*g - 2. Suppose -9 = -a - 4. Let v(l) = a*c(l) + 7*i(l). What is the units digit of v(2)?
3
Let n(v) be the first derivative of v**3/3 + 5*v**2/2 - 3*v + 1. Suppose 2*m + 0*m = -14. What is the tens digit of n(m)?
1
Let d be (-15)/(-4) - (-3)/12. Let z be 2 + -2 + d + 1. Suppose 0 = 2*f - z - 5. What is the units digit of f?
5
What is the units digit of -3*(-27 - -3)*1?
2
Let t be (-10)/8 + (-2)/(-8). Let c(x) = -x - 2. Let w be c(-3). What is the units digit of (-1 - t - w)*-4?
4
Let z(b) = b - 5. Let v be z(16). Suppose 4*s = 4*y + 40 + 20, 0 = 4*s - y - 75. Let w = s - v. What is the units digit of w?
9
Let d be -1 + 8 - 3/(-3). Let p(x) be the third derivative of -x**5/60 + 7*x**4/24 + 3*x**3/2 - x**2. What is the units digit of p(d)?
1
Suppose 0 = -4*k - 5*a + 262, a + 2*a = -5*k + 334. What is the tens digit of k?
6
Let v = -215 - -476. What is the units digit of v?
1
Suppose -l + 33 = 2*l. Suppose 3*a - 2*a - l = 0. What is the tens digit of a?
1
Suppose 0 = l + l - 42. Let s = -22 - -27. Suppose 4 = s*t - l. What is the units digit of t?
5
Let b = -11 - -15. Let u = -2 + b. Suppose -u*c + 3 = c. What is the units digit of c?
1
Suppose -u - 6 + 0 = 0. Let y = u + -9. Let n = -2 - y. What is the units digit of n?
3
Let l = -3 + 8. Suppose 1 = l*s - 4. What is the units digit of 3/(9/21) - s?
6
Let f(x) = -x**3 - 4*x**2 + 5. Let z be f(-4). Suppose -z*j = -5*l - 5, j + 9 = -5*l + 28. Suppose l*t = -2*t + 10. What is the units digit of t?
2
Let l(p) = -7*p**2 - 3*p + 2. Let b be l(1). Let k = 45 + b. What is the tens digit of k?
3
Let k = 205 + 6. What is the tens digit of k?
1
Let o(c) = -4*c**3 + c**2 - 2*c - 4. Let q be o(-2). Suppose -i + q = 15. What is the units digit of i?
1
What is the units digit of (1 + 3 + -3)*29?
9
Let v be (4/(-5))/(2/(-20)). Suppose -2*k - v = -20. What is the units digit of k?
6
Suppose q - 3*b - 3 = 1, q = -b + 4. Suppose -q*v + 15 = v. What is the units digit of v?
3
Let s(r) = -r**2 - 8*r - 9. Let f be s(-5). Let g(w) = 8*w + 3. What is the tens digit of g(f)?
5
Let j = 9 - 7. Suppose -j*i = 7 - 27. What is the tens digit of i?
1
Let c be (2 + 2)*3/6. What is the units digit of (c/(-3))/((-20)/630)?
1
Let v = 362 - 202. What is the hundreds digit of v?
1
Let g(b) = -b**3 + 14*b**2 + 5*b + 1. What is the units digit of g(14)?
1
Let c = 22 - 7. What is the units digit of c?
5
Let a(v) = 4*v - 3. Let f be (3 + -2 + 0)*4. Let h be a(f). Suppose h + 37 = 5*g. What is the units digit of g?
0
Suppose k = -k + 120. What is the units digit of k?
0
Let r be ((-8)/(-6))/(3/9). Suppose 0 = -3*y + 2*q + q + 66, 3*y - r*q = 70. What is the tens digit of y?
1
Suppose -g - 3*m + 5 + 6 = 0, -4*g + 3*m = 16. Let y = 1 + g. Suppose -2*h - h + 12 = y. What is the units digit of h?
4
Let j(k) = -k**2 + 2*k + 1. Let g be j(2). Suppose 0 = 4*a - 2*a - 72. What is the units digit of a/16*(g - -3)?
9
Let w(a) = -a**2 + 6*a + 1. Let p be w(7). Let j(d) = -5*d**2 + 0*d - 7 - d**3 + 4*d + 0*d**2. What is the units digit of j(p)?
5
Suppose -2*r + i = -7 - 11, 4*r + i = 30. Suppose -15 = -r*b + 5*b. Suppose l - 5 = -q, 0 = -q + b*l - 0 + 5. What is the units digit of q?
5
Let w = -419 + 825. What is the units digit of w?
6
Let l be -2 + 0 - (-7 + 1). What is the units digit of (4/6)/(l/30)?
5
Let f(j) = -5*j + 7. Let z be f(-7). What is the units digit of (-1)/(-6) - (-959)/z?
3
Suppose 2*b = 2*z - 67 - 219, 3*z + 5*b - 389 = 0. What is the hundreds digit of z?
1
Suppose -11*z + 181 = 38. What is the tens digit of z?
1
Suppose o + 2*o - 33 = 0. Let z be (-4 + 3)/((-1)/o). Suppose 0 = -2*j + 27 + z. What is the units digit of j?
9
Let g be 78/(-8) - (-4)/(-16). Let y be (24/20)/(3/g). Let j = y + 9. What is the units digit of j?
5
Let d = -86 - -137. What is the tens digit of d?
5
Suppose 0 = -3*g - w - 1, 5*g + 5*w = 2*w - 3. Suppose -4*n = 4*j - 40, -2*j - 4*n + 14 + 10 = g. What is the units digit of j?
8
Suppose 0 = -5*y + 2*d - 4, 0 = 4*d - 4 - 4. Suppose -r = -2*r + 4. Let x = r + y. What is the units digit of x?
4
Suppose 2*t - c = -0*c + 28, -5*c + 16 = 2*t. What is the units digit of t?
3
Suppose 2*p - 190 = -5*m - p, -4*m = -4*p - 184. Suppose 2*h = h + m. What is the units digit of h?
1
Let y(z) = 2*z**3 + 5*z**2 + 5*z + 5. Let n be y(-4). Let h be ((-3)/(-6)*-2)/(-1). What is the units digit of n/(-12) + h/(-4)?
5
Suppose -5*u + 267 = -128. What is the tens digit of u?
7
Suppose -4*t + 13 = 1. What is the units digit of 3*44/36*t?
1
Suppose g + 13 = 4*q, 4*g - 4*q = g - 23. Let u(v) = -v - 1. What is the units digit of u(g)?
4
Let o(i) = 28*i**2 - 3*i - 3. Let a be o(-2). Suppose v - a = -4*v. What is the units digit of v?
3
Let r = 3 - -3. Let x(u) = u + 1 + 0*u + 0. What is the units digit of x(r)?
7
Suppose 3*d - 4 = -d. Let t = d - -3. Suppose t*x = v + 8, 5*v + 2*x - 35 = -3*x. What is the units digit of v?
4
Let n(k) = k**2 - 2*k + 4. Suppose 4*l = -2*t + 18, 4*t + 0*t = -2*l + 18. Let w be n(t). Let x(h) = h**3 - 7*h**2 + h + 3. What is the units digit of x(w)?
0
Let z(i) = -i**2 + 16*i - 16. What is the units digit of z(8)?
8
Let l(s) = -s + 2. Let z be l(8). Let a = 0 - z. What is the units digit of a?
6
Suppose 56 + 16 = 9*v. What is the units digit of v?
8
Let i = 7 + -7. Suppose a = 4*q + 20, i = 5*a - q + 14 - 76. What is the tens digit of a?
1
Suppose c - 168 = -48. What is the units digit of c?
0
Let y = -8 - -10. Suppose -4*z - 1 = u - 3, -y*z + 46 = 5*u. What is the units digit of u?
0
Let j(m) = m**3 - 4*m**2 - 5*m - 7. Let n be j(5). Let w(p) = p**3 + 7*p**2. Let z be w(n). Let v(s) = s**2 + s + 4. What is the units digit of v(z)?
4
Suppose 5*x - 20 = -0*x. Let s(m) = -m**3 + 4*m**2 + m - 2. Let u be s(x). Suppose u*p = -2*p + 4. What is the units digit of p?
1
Suppose 7*f - 2*f = 165. What is the units digit of f?
3
Suppose -5*z + 5*n + 112 = -93, -z + 47 = -4*n. What is the units digit of z?
9
Let n(v) = 3*v - 3. Let a be n(3). Let u(c) = c**3 - 6*c*